 is divided by 464?
442
What is the remainder when 1322 is divided by 648?
26
Calculate the remainder when 71468 is divided by 12.
8
Calculate the remainder when 158 is divided by 122.
36
What is the remainder when 20555 is divided by 895?
865
What is the remainder when 149436 is divided by 33?
12
Calculate the remainder when 1220 is divided by 176.
164
Calculate the remainder when 6527 is divided by 849.
584
Calculate the remainder when 28157 is divided by 870.
317
What is the remainder when 45382 is divided by 27?
22
Calculate the remainder when 770240 is divided by 12.
8
Calculate the remainder when 22268 is divided by 156.
116
Calculate the remainder when 298381 is divided by 11.
6
Calculate the remainder when 103092 is divided by 389.
7
Calculate the remainder when 38100 is divided by 217.
125
Calculate the remainder when 5889 is divided by 50.
39
Calculate the remainder when 649 is divided by 607.
42
Calculate the remainder when 8913322 is divided by 58.
56
What is the remainder when 343918 is divided by 55?
3
Calculate the remainder when 40941 is divided by 18.
9
Calculate the remainder when 3649 is divided by 26.
9
What is the remainder when 1390 is divided by 690?
10
Calculate the remainder when 721780 is divided by 782.
776
What is the remainder when 21434 is divided by 23?
21
What is the remainder when 18178 is divided by 757?
10
Calculate the remainder when 4015392 is divided by 45.
42
What is the remainder when 98940 is divided by 59?
56
What is the remainder when 8328 is divided by 123?
87
What is the remainder when 596143 is divided by 59614?
3
Calculate the remainder when 14689 is divided by 27.
1
Calculate the remainder when 10145 is divided by 107.
87
What is the remainder when 463506 is divided by 43?
9
What is the remainder when 525 is divided by 55?
30
What is the remainder when 45894 is divided by 45864?
30
What is the remainder when 93122 is divided by 83?
79
Calculate the remainder when 3603 is divided by 758.
571
What is the remainder when 46322 is divided by 1130?
1122
Calculate the remainder when 2858552 is divided by 469.
466
What is the remainder when 622 is divided by 308?
6
What is the remainder when 1036 is divided by 404?
228
Calculate the remainder when 37590 is divided by 502.
442
Calculate the remainder when 3642 is divided by 3207.
435
Calculate the remainder when 217033 is divided by 7483.
26
Calculate the remainder when 19713 is divided by 4924.
17
What is the remainder when 3661 is divided by 76?
13
Calculate the remainder when 4168 is divided by 20.
8
Calculate the remainder when 3259 is divided by 689.
503
What is the remainder when 4643 is divided by 1134?
107
Calculate the remainder when 280300 is divided by 66.
64
Calculate the remainder when 52269 is divided by 568.
13
What is the remainder when 172395 is divided by 354?
351
What is the remainder when 1586867 is divided by 89?
86
What is the remainder when 30817 is divided by 514?
491
What is the remainder when 37134 is divided by 16?
14
Calculate the remainder when 1911 is divided by 330.
261
What is the remainder when 1268 is divided by 991?
277
What is the remainder when 13599 is divided by 412?
3
What is the remainder when 216745 is divided by 14?
11
Calculate the remainder when 5563 is divided by 1767.
262
What is the remainder when 1330 is divided by 242?
120
Calculate the remainder when 61038 is divided by 19.
10
What is the remainder when 4869 is divided by 31?
2
Calculate the remainder when 79444 is divided by 2836.
36
Calculate the remainder when 1117691 is divided by 6.
5
Calculate the remainder when 539 is divided by 7.
0
What is the remainder when 598 is divided by 115?
23
What is the remainder when 3113 is divided by 130?
123
Calculate the remainder when 186499 is divided by 249.
247
Calculate the remainder when 1182 is divided by 563.
56
What is the remainder when 574 is divided by 477?
97
Calculate the remainder when 652965 is divided by 108.
105
What is the remainder when 85702 is divided by 206?
6
What is the remainder when 234 is divided by 174?
60
Calculate the remainder when 493 is divided by 58.
29
Calculate the remainder when 4620 is divided by 222.
180
Calculate the remainder when 588 is divided by 367.
221
Calculate the remainder when 766 is divided by 748.
18
Calculate the remainder when 2288 is divided by 380.
8
What is the remainder when 12536 is divided by 182?
160
What is the remainder when 34443 is divided by 179?
75
Calculate the remainder when 136603 is divided by 19514.
5
What is the remainder when 41440 is divided by 190?
20
What is the remainder when 2062 is divided by 171?
10
What is the remainder when 36655 is divided by 779?
42
Calculate the remainder when 2393 is divided by 266.
265
Calculate the remainder when 957 is divided by 64.
61
What is the remainder when 136 is divided by 50?
36
Calculate the remainder when 415 is divided by 250.
165
Calculate the remainder when 289628 is divided by 672.
668
What is the remainder when 627 is divided by 91?
81
Calculate the remainder when 183897 is divided by 20.
17
Calculate the remainder when 31606 is divided by 7.
1
What is the remainder when 354 is divided by 125?
104
What is the remainder when 1040 is divided by 129?
8
Calculate the remainder when 15018 is divided by 10.
8
What is the remainder when 634 is divided by 261?
112
What is the remainder when 3196 is divided by 230?
206
What is the remainder when 5151 is divided by 2551?
49
Calculate the remainder when 1207 is divided by 337.
196
What is the remainder when 42664 is divided by 115?
114
Calculate the remainder when 486 is divided by 324.
162
Calculate the remainder when 527602 is divided by 6.
4
Calculate the remainder when 12958 is divided by 6460.
38
What is the remainder when 40228 is divided by 1058?
24
Calculate the remainder when 88179 is divided by 644.
595
Calculate the remainder when 2552 is divided by 254.
12
Calculate the remainder when 278394 is divided by 2158.
12
Calculate the remainder when 3111 is divided by 111.
3
Calculate the remainder when 40046 is divided by 1141.
111
Calculate the remainder when 4064 is divided by 111.
68
What is the remainder when 3529 is divided by 22?
9
What is the remainder when 8154 is divided by 2038?
2
Calculate the remainder when 49263 is divided by 1048.
7
Calculate the remainder when 1666 is divided by 132.
82
Calculate the remainder when 67755 is divided by 16.
11
Calculate the remainder when 31877 is divided by 5.
2
Calculate the remainder when 440 is divided by 163.
114
Calculate the remainder when 15651 is divided by 3583.
1319
What is the remainder when 53 is divided by 6?
5
What is the remainder when 11671 is divided by 1139?
281
Calculate the remainder when 43819 is divided by 974.
963
Calculate the remainder when 6931 is divided by 527.
80
What is the remainder when 1113 is divided by 58?
11
What is the remainder when 49715 is divided by 754?
705
What is the remainder when 905 is divided by 132?
113
What is the remainder when 12654 is divided by 91?
5
What is the remainder when 1653 is divided by 1479?
174
What is the remainder when 6562 is divided by 3?
1
What is the remainder when 1897 is divided by 3?
1
Calculate the remainder when 95743 is divided by 33.
10
Calculate the remainder when 363613 is divided by 4.
1
Calculate the remainder when 1986 is divided by 80.
66
Calculate the remainder when 222807 is divided by 210.
207
Calculate the remainder when 66962 is divided by 108.
2
Calculate the remainder when 117869 is divided by 35.
24
Calculate the remainder when 606 is divided by 585.
21
Calculate the remainder when 124389 is divided by 13820.
9
What is the remainder when 1139952 is divided by 3048?
0
What is the remainder when 100006 is divided by 63?
25
What is the remainder when 16066 is divided by 1416?
490
Calculate the remainder when 198036 is divided by 326.
154
What is the remainder when 43412 is divided by 216?
212
Calculate the remainder when 21455 is divided by 390.
5
Calculate the remainder when 200136 is divided by 171.
66
What is the remainder when 65099 is divided by 230?
9
Calculate the remainder when 1447 is divided by 230.
67
What is the remainder when 2966 is divided by 1042?
882
What is the remainder when 35069 is divided